ple of 18?
False
Is 10610 a multiple of 99?
False
Does 19 divide 5529?
True
Is 2950 a multiple of 2?
True
Does 10 divide 160?
True
Does 22 divide 92?
False
Does 19 divide 950?
True
Is 10 a factor of 1071?
False
Is 995 a multiple of 14?
False
Is 118 a factor of 57702?
True
Is 4265 a multiple of 7?
False
Is 44 a factor of 15224?
True
Is 8615 a multiple of 38?
False
Is 82 a factor of 138?
False
Does 19 divide 1482?
True
Is 7217 a multiple of 155?
False
Is 34 a factor of 10336?
True
Is 46 a multiple of 23?
True
Is 784 a multiple of 88?
False
Is 3800 a multiple of 8?
True
Is 2900 a multiple of 25?
True
Is 21431 a multiple of 57?
False
Is 286 a multiple of 13?
True
Does 48 divide 70176?
True
Is 27 a multiple of 2?
False
Does 108 divide 1959?
False
Is 13665 a multiple of 40?
False
Is 348 a multiple of 87?
True
Does 34 divide 108086?
True
Is 1232 a multiple of 8?
True
Is 1554 a multiple of 126?
False
Is 25 a factor of 950?
True
Is 105 a multiple of 15?
True
Is 16 a factor of 12608?
True
Does 16 divide 6819?
False
Does 4 divide 36?
True
Is 90695 a multiple of 97?
True
Is 1920 a multiple of 48?
True
Is 81 a factor of 2592?
True
Is 549 a multiple of 61?
True
Is 11 a factor of 87085?
False
Does 8 divide 6868?
False
Does 178 divide 9312?
False
Is 20960 a multiple of 22?
False
Is 43 a multiple of 2?
False
Is 17 a factor of 1629?
False
Is 6828 a multiple of 10?
False
Is 1530 a multiple of 9?
True
Is 5 a factor of 23343?
False
Does 15 divide 10448?
False
Is 418 a multiple of 2?
True
Does 93 divide 10323?
True
Does 111 divide 2337?
False
Does 2 divide 593?
False
Does 20 divide 1200?
True
Does 21 divide 1941?
False
Does 6 divide 1931?
False
Is 32 a factor of 10559?
False
Is 1278 a multiple of 18?
True
Does 21 divide 6054?
False
Is 5070 a multiple of 150?
False
Does 32 divide 6708?
False
Does 143 divide 2860?
True
Is 2 a factor of 4?
True
Is 90682 a multiple of 19?
False
Does 9 divide 54?
True
Is 19 a factor of 5092?
True
Is 381 a factor of 20566?
False
Is 3626 a multiple of 14?
True
Is 17 a multiple of 2?
False
Is 36902 a multiple of 56?
False
Is 841 a multiple of 11?
False
Is 26 a factor of 696?
False
Is 13 a factor of 530?
False
Is 99705 a multiple of 255?
True
Is 119 a factor of 23800?
True
Is 26 a factor of 274?
False
Does 15 divide 3979?
False
Is 13 a factor of 1221?
False
Is 540 a multiple of 4?
True
Is 17 a factor of 6766?
True
Is 19629 a multiple of 9?
True
Does 28 divide 812?
True
Does 3 divide 5346?
True
Is 12474 a multiple of 14?
True
Is 1626 a multiple of 2?
True
Is 72 a factor of 5762?
False
Does 83 divide 55942?
True
Is 17593 a multiple of 14?
False
Is 5 a factor of 9755?
True
Is 28407 a multiple of 70?
False
Is 9 a factor of 2909?
False
Is 4 a factor of 162?
False
Does 7 divide 38862?
False
Is 14357 a multiple of 7?
True
Is 3768 a multiple of 123?
False
Is 16032 a multiple of 65?
False
Is 15 a factor of 1230?
True
Is 68 a factor of 1564?
True
Is 305 a multiple of 59?
False
Does 12 divide 7533?
False
Is 18460 a multiple of 284?
True
Is 86 a factor of 1118?
True
Is 15 a factor of 1401?
False
Is 7303 a multiple of 17?
False
Is 8 a factor of 18784?
True
Is 1928 a multiple of 78?
False
Is 14 a factor of 4403?
False
Does 23 divide 2524?
False
Is 200 a multiple of 2?
True
Is 28 a factor of 941?
False
Is 620 a multiple of 31?
True
Is 70 a multiple of 11?
False
Does 58 divide 11232?
False
Is 3432 a multiple of 8?
True
Does 4 divide 516?
True
Does 14 divide 155?
False
Does 20 divide 400?
True
Is 73 a factor of 23579?
True
Does 38 divide 14934?
True
Does 12 divide 895?
False
Does 63 divide 15700?
False
Is 23 a factor of 7452?
True
Is 349 a factor of 75384?
True
Is 36 a factor of 51104?
False
Does 81 divide 6561?
True
Does 4 divide 76?
True
Is 39 a factor of 6731?
False
Is 6668 a multiple of 14?
False
Is 14 a factor of 3509?
False
Is 40 a factor of 47880?
True
Is 6036 a multiple of 8?
False
Does 24 divide 962?
False
Does 3 divide 63?
True
Is 21808 a multiple of 58?
True
Is 104 a multiple of 4?
True
Is 183 a multiple of 2?
False
Is 111 a factor of 42383?
False
Is 11716 a multiple of 116?
True
Is 3069 a multiple of 13?
False
Is 476 a multiple of 28?
True
Is 3 a factor of 366?
True
Is 990 a multiple of 55?
True
Is 39 a factor of 1989?
True
Is 185 a factor of 32560?
True
Does 7 divide 378?
True
Is 6 a factor of 576?
True
Does 34 divide 25330?
True
Is 21126 a multiple of 67?
False
Is 22246 a multiple of 64?
False
Does 3 divide 33?
True
Is 22 a factor of 780?
False
Does 63 divide 65?
False
Is 92 a factor of 5481?
False
Does 22 divide 23412?
False
Does 11 divide 55?
True
Does 40 divide 1006?
False
Is 7 a factor of 385?
True
Is 74021 a multiple of 9?
False
Does 193 divide 65531?
False
Does 69 divide 759?
True
Does 29 divide 26854?
True
Is 14535 a multiple of 17?
True
Is 315 a multiple of 2?
False
Does 49 divide 1029?
True
Is 6 a factor of 132?
True
Does 79 divide 711?
True
Is 47 a factor of 14145?
False
Is 93 a factor of 18381?
False
Is 32 a factor of 3385?
False
Is 841 a multiple of 9?
False
Does 291 divide 52380?
True
Is 141 a factor of 5358?
True
Does 12 divide 288?
True
Is 14 a factor of 1094?
False
Is 11 a factor of 3283?
False
Is 15488 a multiple of 44?
True
Is 171 a multiple of 9?
True
Is 4 a factor of 428?
True
Does 10 divide 1406?
False
Does 47 divide 6862?
True
Does 24 divide 1794?
False
Does 26 divide 153?
False
Does 28 divide 8568?
True
Does 20 divide 2611?
False
Does 13 divide 1745?
False
Does 18 divide 1386?
True
Is 864 a multiple of 12?
True
Is 5317 a multiple of 15?
False
Does 43 divide 13432?
False
Is 78339 a multiple of 55?
False
Is 7 a factor of 658?
True
Does 3 divide 11?
False
Does 7 divide 17571?
False
Is 26 a factor of 4628?
True
Is 8 a factor of 984?
True
Is 13 a factor of 338?
True
Does 6 divide 2541?
False
Is 14378 a multiple of 182?
True
Does 112 divide 2714?
False
Does 12 divide 291?
False
Is 453 a multiple of 5?
False
Is 10712 a multiple of 4?
True
Is 30 a factor of 4070?
False
Is 66 a factor of 10362?
True
Does 7 divide 7028?
True
Is 10 a factor of 237?
False
Is 7 a factor of 2030?
True
Does 95 divide 10152?
False
Is 4430 a multiple of 14?
False
Is 21 a factor of 28728?
True
Does 42 divide 7518?
True
Does 35 divide 175?
True
Is 6 a factor of 22450?
False
Does 20 divide 7658?
False
Does 69 divide 635?
False
Does 5 divide 2924?
False
Is 17856 a multiple of 24?
True
Does 18 divide 20537?
False
Does 72 divide 11304?
True
Is 33 a factor of 10308?
False
Is 23 a factor of 128294?
True
Is 47 a factor of 430?
False
Does 10 divide 5480?
True
Is 36 a factor of 22896?
True
Does 34 divide 1507?
False
Does 7 divide 29663?
False
Is 21 a factor of 25599?
True
Is 2214 a multiple of 54?
True
Does 12 divide 135?
False
Does 15 divide 135?
True
Is 9 a factor of 1205?
False
Is 7301 a multiple of 49?
True
Does 3 divide 2659?
False
Does 8 divide 832?
True
Does 14 divide 38902?
False
Is 44 a factor of 12716?
True
Does 4 divide 178?
False
Is 19673 a multiple of 86?
False
Is 752 a multiple of 16?
True
Is 97 a factor of 2134?
True
Is 26407 a multiple of 22?
False
Is 800 a multiple of 80?
True
Is 118 a factor of 3658?
True
Is 35679 a multiple of 21?
True
Does 13 divide 1269?
False
Is 20 a factor of 683?
False
Is 1530 a multiple of 45?
True
Is 118 a factor of 23183?
False
Does 32 divide 1568?
True
Is 12 a factor of 2154?
False
Is 14 a factor of 2488?
False
Is 7 a factor of 3528?
True
Does 6 divide 627?
False
Is 80 a multiple of 5?
True
Is 50 a factor of 31700?
True
Is 40453 a multiple of 5?
False
Is 5 a factor of 3860?
True
Is 3301 a multiple of 97?
False
Does 9 divide 2961?
True
Is 3454 a multiple of 210?
False
Is 6 a factor of 2418?
True
Is 362 a multiple of 15?
False
Is 22 a factor of 154?
True
Is 20 a factor of 1380?
True
Does 14 divide 26381?
False
Is 23725 a multiple of 65?
True
Is 302 even?
True
Is 527 a multiple of 17?
True
Is 100 a factor of 46206?
False
Does 37 divide 13130?
False
Is 9191 a multiple of 25?
False
Is 3150 a multiple of 105?
True
Is 90 a factor of 11340?
True
Is 15557 a multiple of 84?
False
Is 19 a factor of 24061?
False
Does 115 divide 1035?
True
Does 15 divide 32670?
True
Does 10 divide 86?
False
Is 6188 a multiple of 28?
True
Is 228 a multiple of 21?
False
Is 71 a factor of 1247?
False
Does 14 divide 74439?
False
Is 6 a factor of 193